+ l. Calculate the greatest common divisor of w and 36.
9
Let x be (12/(-4))/(-1) - 35. Let k be (728/x)/((-1)/4). Let z be 3*39/(-9)*-1. Calculate the greatest common divisor of k and z.
13
Let i(f) = f**3 + 7*f**2 + 5*f - 7. Let j be i(-4). Let q = -1 + j. Let b be 20/(-6)*(-264)/q. What is the highest common factor of 110 and b?
22
Let j be ((-26)/4)/(38/12 - 3). Let f = -91 - -34. Let v = j - f. Calculate the highest common factor of 6 and v.
6
Let q be 3 + -1 + 1 + 3. Let r be ((-4)/q)/(2/(-9)). Suppose r*v + 3*x + x - 117 = 0, -4*v - 5*x + 155 = 0. What is the greatest common divisor of v and 14?
7
Let w(s) = 5*s**2 + 18*s + 26. Let g be w(-3). What is the highest common divisor of g and 3?
1
Suppose -w = -5, -5*l + 0*w = w - 10. Suppose 5*f = 16 - l. Let m = -125 - -128. Calculate the highest common divisor of f and m.
3
Let x be 13 + (-108)/(-18)*(-2)/2. What is the highest common factor of x and 56?
7
Suppose 5*x + 0*g = 3*g + 223, 177 = 4*x - g. What is the greatest common divisor of x and 33?
11
Suppose -u - 3 = -10. Suppose -5*i - 48 = 3*z - 308, 191 = 4*i - z. What is the highest common factor of u and i?
7
Suppose -2*t + 4*j + 2 = 0, -5*t = 3*j - 7*j + 19. Let y be (t + 2)/(-5)*(1 + 3). What is the greatest common divisor of 36 and y?
4
Let t = 174 + -117. Suppose -g + 0*g = -2*h - 32, 3*g - 3*h = 84. Let m = g + -5. Calculate the highest common divisor of t and m.
19
Suppose 0 = 2*a - 10, -3*i = -5*a - 563 - 1797. What is the greatest common divisor of 15 and i?
15
Let x = -31 - -43. Let t = -11 + x. Let r be 1/1 + 13 + t. Calculate the greatest common divisor of r and 3.
3
Suppose 0 = 6*c - 78 - 84. Calculate the highest common divisor of c and 27.
27
Suppose -2*y - 32 = 50. Let d = y + 74. Let n = d - 16. What is the greatest common divisor of n and 85?
17
Let l = 102 - 69. Suppose -l = -v + b, -21 = -5*v + b + 132. Calculate the greatest common divisor of 12 and v.
6
Suppose 3*h - 16 - 44 = 0. Let o be (1020/39 - -4) + 16/(-104). What is the highest common divisor of o and h?
10
Let q be (-16)/(-6)*12/8. Let m(n) = -4*n - 4. Let r be m(-17). What is the highest common divisor of r and q?
4
Let p(n) = n + 1. Let x(s) = 7*s + 19. Let j(u) = -5*p(u) + x(u). Let k be j(6). Calculate the highest common factor of k and 286.
26
Suppose 24*w - 207 = 729. What is the highest common divisor of 624 and w?
39
Let n(d) = d**3 - 32*d**2 - 60*d + 175. Let g be n(35). Calculate the greatest common divisor of g and 10.
10
Let d(n) = n**3 + 22*n**2 + 20*n - 14. Let z be d(-21). Let b be (-6)/(-8)*1*84. Calculate the greatest common factor of z and b.
7
Suppose -153*x - 948 = -165*x. Calculate the greatest common divisor of x and 1.
1
Let d(l) = -12*l + 9*l - 17*l - 3 - 1. Let y be d(-3). What is the greatest common divisor of y and 7?
7
Let m = 19 + -76. Let c = 71 + m. Let p(v) = v**2 + 28. Let a be p(0). What is the greatest common divisor of c and a?
14
Let d be -2*(-1 - (-3)/(-6)). Let o be 1*(47 + (-6)/d). Let q be (-1)/6 - (-62)/12. What is the highest common factor of q and o?
5
Let q(b) = 17*b**2 + 26*b. Let s be q(-2). Calculate the highest common factor of 432 and s.
16
Suppose -5*r + 144 = 85*f - 82*f, -r = 4*f - 22. Calculate the greatest common factor of r and 470.
10
Suppose -5 = -f, -c = 7*f - 10*f - 713. Calculate the greatest common divisor of c and 26.
26
Let c(r) = -r**3 - r**2 - 3*r - 2. Let t be c(-2). Let x = 25 - 20. Suppose 0 = x*q + 2*w, 0 = q - 2*w - w - 17. What is the greatest common factor of q and t?
2
Let w(v) = 2*v - 24. Let z be w(13). Suppose z*b = x + 248 - 3, 5*x - 215 = -2*b. What is the greatest common factor of 15 and b?
15
Let l = -57 - -106. Suppose 0 = 5*q + 1 + 144. Let p be q/(-4) + 4/(-16). Calculate the greatest common divisor of l and p.
7
Suppose 11*s - 9*s - 528 = 0. Calculate the greatest common divisor of 99 and s.
33
Let j(k) = k**3 + 15*k**2 + 14*k + 3. Let i be j(-14). Let c = 11 + -15. Let p be c/(-2) - (0 + -1). What is the greatest common factor of p and i?
3
Suppose -376 = -6*q + 440. Suppose 8*s - 7*s - q = 0. Calculate the highest common divisor of s and 17.
17
Suppose -8 = 25*l - 29*l. Suppose -2*y - 2 + 6 = 4*z, -l*y + 44 = -4*z. What is the highest common divisor of y and 48?
12
Let d(g) be the second derivative of g**5/20 + 5*g**4/12 - g**3/6 - 3*g**2/2 - 12*g. Let l be d(-5). What is the greatest common factor of l and 16?
2
Let h be (48/(-15))/((-16)/(-40)). Let z be 166/18 + h/36. Calculate the greatest common factor of z and 18.
9
Let z(h) = 2*h**3 - 5*h**2 - 3*h - 11. Let w be z(6). Let r be w/5 + 30/75. What is the highest common factor of 15 and r?
15
Suppose 9505 = 8*r - 3607. Calculate the greatest common divisor of 11 and r.
11
Let r(y) = 38*y - 489. Let g be r(13). Let z = -43 + 83. Calculate the highest common factor of z and g.
5
Suppose -28 = -0*x + 4*x. Let r(j) = -j**2 - 8*j - 10. Let d be r(x). Let z be (-65)/d - (-6)/18. What is the greatest common factor of 176 and z?
22
Suppose 5*i - 3*o + 0*o = 61, -4*i - 3*o + 38 = 0. Calculate the greatest common factor of 11 and i.
11
Let s(q) = 12 - 31 + 13 + 12*q. Let y be s(2). Calculate the highest common divisor of y and 12.
6
Let p be (10 - -5) + 1 + (-4)/1. What is the greatest common factor of p and 30?
6
Let p(w) = -3*w**2 + 5*w + 3. Let s be p(3). Let y = -27 - -41. Let t = y + s. Calculate the highest common factor of 1 and t.
1
Suppose 0 = -5*t + 158 - 43. Suppose -t*h + 15*h + 1872 = 0. Calculate the highest common divisor of h and 13.
13
Let z be (-5)/((-120)/9)*8. Suppose 3*o = z*f + 45, 100 - 7 = 5*o + f. What is the greatest common factor of o and 9?
9
Let y(z) = 17*z**2 + 2*z + 1. Let h be y(-1). Let i = h - 12. Suppose -4*o + i = -0. What is the highest common divisor of 2 and o?
1
Let v = 18 + -15. Suppose 5*c - 39 = -3*u, v*u - 2*c - 39 = 2*c. Let f(p) = -3*p - 2. Let t be f(-5). Calculate the greatest common divisor of u and t.
13
Suppose -q = -0*q - 85. Let n(w) = -3*w - 21. Let p be n(-7). Let j(y) = y**3 + y**2 - y + 17. Let r be j(p). Calculate the highest common divisor of q and r.
17
Let i be (-3 + 4)/(-2 + (-162)/(-80)). Calculate the highest common factor of 340 and i.
20
Suppose 0 = -9*a + 55 - 10. Suppose -2*x + 198 = 5*z, 0 = z - a*x + 3*x - 42. Calculate the highest common factor of 30 and z.
10
Suppose -2*w = -10*w + 152. Suppose -14*n + w*n = 85. Let h(b) = 2*b**3 - 4*b**2 + 2*b - 7. Let s be h(5). Calculate the greatest common divisor of n and s.
17
Let y = 62 + -15. What is the greatest common factor of 1645 and y?
47
Let q be 2/(-8) + 340/16. Suppose -5*l + 2*l + q = 0. Suppose 0 = 4*o - l*o + 6. Calculate the highest common divisor of o and 10.
2
Let o be (0 - -3)/((-12)/(-20)). Suppose 5*v = -0*v + u + 6, -4*v + 28 = o*u. Let t be v/(-10) + 544/20. Calculate the highest common divisor of t and 108.
27
Let t = -102 + 104. What is the highest common divisor of 4 and t?
2
Let k = -186 - -221. What is the highest common factor of k and 1015?
35
Suppose x = 3*f + 77, 0 = 3*x + f - 178 - 53. Calculate the highest common divisor of x and 22.
11
Let o be ((-6)/7)/(111/(-518)). Suppose -a + 3 - 2 = 0. Let p be (7/(21/30))/a. Calculate the greatest common divisor of o and p.
2
Let m(a) = 3*a + 3. Let h be m(4). Suppose h = 3*p, -y = 4*y - p + 5. Suppose y = -5*d + 125 + 65. What is the highest common factor of d and 19?
19
Let m(t) = t**2 - 9*t + 6. Let g(u) = -u**2 + 7*u + 3. Let h be g(6). Let x be m(h). Let c be (-24)/(-4)*9/x. What is the greatest common divisor of c and 72?
9
Let r(c) = 33*c + 40. Let b be r(2). What is the greatest common divisor of b and 477?
53
Let p(t) = -3*t**3 - 3*t**2 - t - 12. Let l be p(-3). Calculate the greatest common divisor of 171 and l.
9
Suppose -15 = -v + 5*y, 0 = 2*v + 3*y - 5 - 12. Suppose m - t = 18, 3*t - 24 = -m + v. Calculate the highest common factor of 33 and m.
11
Suppose 4*u + 4*k - 154 = 30, -3*u + 137 = 2*k. What is the highest common divisor of u and 10?
5
Suppose -3*m - 5*p = -35, -2*m = m - 4*p + 1. Suppose -m = t - 75. Calculate the greatest common divisor of 14 and t.
14
Let w(b) = b**2 + 9*b + 10. Suppose 2*n + v = 2*v + 27, -3*v - 59 = -4*n. Let m = 2 - n. Let h be w(m). Calculate the highest common factor of h and 80.
10
Let p(g) 